inder when 5 is divided by o(a).
2
Suppose q + 0*q = 0. Let v = 1 + q. What is the remainder when v is divided by 1?
0
Let m(u) = u**3 + 3*u**2 - 2*u - 3. Let n = -18 + 36. Calculate the remainder when -6*3*(-9)/n is divided by m(-3).
0
Let s(d) = 2*d**3 - 7*d**2 + 8*d - 10. What is the remainder when s(4) is divided by 13?
12
Let r = 5 - 3. Suppose 3*w - 19 = -5*y, -4*y - 3*w + 18 = -r*w. What is the remainder when y is divided by 3?
2
Suppose 2*g - 20 = -3*g. Suppose -5*q = -g*q - 35. Calculate the remainder when q is divided by 12.
11
Let x be -2*1 - (-6 - -5). Let j(g) = g + 7. What is the remainder when (-1 - -24)/((-1)/x) is divided by j(5)?
11
Let b = -70 - -83. Calculate the remainder when 61 is divided by b.
9
Suppose -2*o - 33 = -5*o. Let v = -4 + o. Calculate the remainder when 11 is divided by v.
4
Suppose 3*m + 3*a = 15, -a + 45 = 3*m - 4*a. Suppose 66 + 48 = 3*r. What is the remainder when r is divided by m?
8
Let w(z) = -z + 14. Let t be w(11). Let g(a) = -a**3 + 5*a**2 - 4*a - 1. What is the remainder when g(t) is divided by 2?
1
Let v(p) = -29*p + 3. Calculate the remainder when v(-4) is divided by 20.
19
What is the remainder when 23 is divided by 3 - 3/(-1) - -2?
7
Let j(y) = -y**2 - 1. Let a be (0 - 1)*-2 - -1. Let m(b) = 34*b**2 - b + 2. Let k(i) = a*j(i) + m(i). What is the remainder when k(-1) is divided by 11?
9
Let x(r) = -61*r + 1. Let s be x(1). Let n = s - -92. What is the remainder when n is divided by 11?
10
Let m(b) = 7*b**3 + b**2 + 3*b - 3. Let k = 14 + -10. Calculate the remainder when 19 - (2 - 1*k) is divided by m(1).
5
Suppose -4*s - 2*g = -4, 5*g - 8*g - 21 = -3*s. Suppose -4*x + 1 = -7. What is the remainder when s is divided by x?
1
Let r be 0/(-3 - 1*-4). Suppose 2*b - b + 10 = i, 4*i - 3*b - 41 = r. Suppose 128 = 2*w + 2*w. What is the remainder when w is divided by i?
10
Suppose 0 = l - 2*t - 4, 2*l + 5*t - 2*t = -27. Let d = l + 18. Let a = 45 - 23. Calculate the remainder when a is divided by d.
10
Suppose -2*d + 2*n + 2 = 0, 3*d + 0*d - 7 = n. What is the remainder when 8 is divided by d?
2
Suppose -62 = -4*h + 242. Let j = 14 + 12. Calculate the remainder when h is divided by j.
24
Suppose 28*y - 31*y = -18. Let k = -24 - -44. What is the remainder when k is divided by y?
2
Suppose 2*s - 53 - 5 = 0. What is the remainder when 70 is divided by s?
12
Let o = 4 - -1. Suppose -15 = -3*i, 0*i + 220 = o*v - i. What is the remainder when v is divided by 12?
9
Let f(v) = -2*v - 2. Let g be f(-2). Suppose -g*z = -4*j + 40, -4*j + 5*z - 10 = -62. Calculate the remainder when j is divided by ((-6)/(-6))/(3/9).
2
Suppose 5*f - 201 = 14. Suppose -f = -2*r + 9. Calculate the remainder when r is divided by 9.
8
Let k = 0 - -2. Suppose -3*v + 11 = -d - 17, -5*d + 30 = k*v. Calculate the remainder when 29 is divided by v.
9
Let q(r) = -r**3 + 7*r**2 - 7*r. Let g be q(6). Calculate the remainder when 34 is divided by 54/4*(-8)/g.
16
Calculate the remainder when 18*(18/(-4))/(-3) is divided by 15.
12
Suppose -b - 2 = 2. Let l = 8 + b. Let d = l - 0. What is the remainder when d is divided by 2?
0
Suppose -4*r = r. Suppose r = 2*y - 5*y + g + 132, 0 = -2*y - g + 83. Calculate the remainder when y is divided by 11.
10
Let m(d) = 3*d + 2. Calculate the remainder when m(2) is divided by (10/8)/(11/44).
3
Suppose 171 = 4*d - h, -h + 67 = 3*d - 56. Let n = d + -30. Let r(y) = -y**3 - 3*y**2 + 6*y + 1. Calculate the remainder when r(-5) is divided by n.
9
Let q = -307 + 348. Suppose 0*u - 4*u + 51 = -3*o, -4*u - 2*o + 66 = 0. Calculate the remainder when q is divided by u.
11
Let x = -102 - -110. Suppose 2*k + 2*h - 38 = 6*h, -2*k - 2*h + 26 = 0. What is the remainder when k is divided by x?
7
Let b be 1/((3/2)/(-3)). Calculate the remainder when 23 is divided by (-12)/b + 3 + -1.
7
Let u(t) = t**3 + 2*t**2 - 2*t + 1. Let f = -8 - -5. Let w be u(f). Let x(r) = -2*r - 2. What is the remainder when 7 is divided by x(w)?
1
Let i(u) = 6*u - 6. What is the remainder when -3*26/(-6)*4 is divided by i(4)?
16
Suppose -2*b + 3 = -4*k + 55, -5*k - 5*b + 50 = 0. Calculate the remainder when k is divided by 4.
0
Let f = -7 - -47. Let a = 39 - 24. Calculate the remainder when f is divided by a.
10
Let d be 22/(-2) - (1 + -4). Suppose 3*j = 6*j - 69. Calculate the remainder when j is divided by 2/(2 + 14/d).
7
Let p(r) = 3*r**2 - 5*r - 4. What is the remainder when 38 is divided by p(3)?
6
Suppose -2*n = -5*n + 9. Suppose -n*q + 75 = 2*k + k, 3*q = 0. Calculate the remainder when 47 is divided by k.
22
Suppose 0 = -0*j - j + 12. What is the remainder when 45 is divided by j?
9
Let f be 2/4 - (-28)/8. Let n(h) = -h**3 + 4*h**2. Let k be n(f). Suppose -6*g + 2*g + 32 = k. Calculate the remainder when g is divided by 5.
3
Let j = -78 - -89. Calculate the remainder when 109 is divided by j.
10
Let c(b) = -4 + 5 - b**2 + 3*b + b. What is the remainder when 2/(-1 - (-3 - 0)) is divided by c(4)?
0
Suppose 3*w = 2*o + 70, o = -3*w - o + 86. Suppose n - 105 = 2*a, 3*n = -a + 100 + 201. Calculate the remainder when n is divided by w.
23
Let k = 3 - -2. What is the remainder when 12 is divided by k?
2
Suppose 16*c - 165 = 11*c. What is the remainder when c is divided by 2 - (-1 + 2) - -11?
9
Suppose -d - 4*d + 295 = 0. Calculate the remainder when d is divided by 20.
19
Let z(u) = -u**3 + 5*u**2 + 4*u - 3. Calculate the remainder when z(5) is divided by 9.
8
Suppose -5*v - 206 = 4*w + 428, -4*v - 475 = 3*w. Calculate the remainder when w/(-28) - (-1)/4 is divided by 4.
2
Let p(k) = 4*k + 3*k + 2*k**2 + 0*k**2 - 4*k + 6. Suppose q + 25 = -4*q. What is the remainder when p(q) is divided by 14?
13
Suppose -416 = -5*n + n. Calculate the remainder when n is divided by 35.
34
Let m(h) = h**3 - 9*h**2 - 10*h + 8. Let k be m(10). Suppose 4*r = k + 56. Calculate the remainder when 47 is divided by r.
15
Let y = 18 + -7. Calculate the remainder when y is divided by 2 - (1 - 10/2).
5
Let u = -24 - 48. What is the remainder when ((-6)/12)/(1/u) is divided by 13?
10
Let h = 87 + -73. What is the remainder when h is divided by 5?
4
Let n = 13 + -11. Suppose 2*p + c = -2*c + 40, 4*p - n*c = 96. Suppose 2*z = 3*i - 42, -2*z - 36 = -4*i - 6*z. Calculate the remainder when p is divided by i.
11
Suppose 3 = -4*o + 19. Let f(k) = -k**3 + 5*k**2 + 4*k - 2. Let g = 45 - 29. Calculate the remainder when f(o) is divided by g.
14
Let j(r) = 4*r + 5. Let h be j(5). Let p be 1 + 1 + 1/(-1). Calculate the remainder when (0 - 1) + h + p is divided by 14.
11
Let j = -103 + 150. Calculate the remainder when j is divided by 10.
7
Let c(i) = 2*i. Let b be c(-1). Calculate the remainder when 23 is divided by 86/7 - b/(-7).
11
Let u be 8*2/8*-2. What is the remainder when 13 is divided by ((u - -3) + 8)/1?
6
Let k(v) = -2*v - 2. Suppose 7 = -s + 2*s + h, -3*h = -9. What is the remainder when k(-6) is divided by s?
2
Let u = -14 - -36. Let s = -16 - -38. Suppose 0 = -3*v + s + 14. What is the remainder when u is divided by v?
10
Let s(m) = -m + 8. Let w be s(6). Suppose -3*d - d + 10 = w*k, -4*k - 3*d = -15. Let t = -11 + 18. Calculate the remainder when t is divided by k.
1
Suppose 0 = 44*b + 344 - 916. Let u(k) = -k + 49. What is the remainder when u(0) is divided by b?
10
Let a = -12 - -15. Suppose a*o = 2*o + 11. Calculate the remainder when 31 is divided by o.
9
Let k be (-10)/(-15)*3/2. Let z = k - -1. Let q(r) = -r**2 + 6*r + 10. Calculate the remainder when q(7) is divided by z.
1
Let a(o) = o + 1. Let k be a(-6). Let t = k + 9. Suppose v + 27 = 2*v - 4*g, t*v - 5*g = 119. What is the remainder when v is divided by 11?
9
Let t be 21 - (-2 + 2 - -3). What is the remainder when (-12)/t - (-83)/3 is divided by 10?
7
Suppose 4*l - 2*u = -0*u + 56, -5*l - u + 63 = 0. Let z = l + 27. Suppose -5*i + 62 = -43. Calculate the remainder when z is divided by i.
19
Let a = 106 + -93. Calculate the remainder when 48 is divided by a.
9
Let l = 42 + -26. Calculate the remainder when l is divided by 10.
6
Suppose 38 = 4*b - 14. Suppose 9 = 3*t - 15. What is the remainder when b is divided by t?
5
Let l = 12 - 11. Calculate the remainder when 107 is divided by -6*-9*l/2.
26
Suppose -47 = -2*j - 9. Calculate the remainder when 658/12 - (-25)/150 is divided by j.
17
Let p(k) = -49*k + 7. L